n - 5. Determine u(-5).
-20
Let c(j) = 18*j**2 + 8*j - 14. Determine c(2).
74
Let u(b) = -247*b + 1239. What is u(5)?
4
Let i(b) = b**2 + 123*b - 1948. What is i(-139)?
276
Let n(d) = -33*d + 783. Calculate n(25).
-42
Let r(i) = -236*i + 9300. Calculate r(39).
96
Let b(x) = -3*x**2 - 66*x - 130. Determine b(-20).
-10
Let c(q) = 3*q - 113. Calculate c(45).
22
Let b(w) = -4*w**2 + 195*w + 234. Give b(50).
-16
Let d(s) = 452*s + 80. Calculate d(0).
80
Let f(y) = -y**2 + 81*y - 21. What is f(0)?
-21
Let n(r) = -14*r - 1249. Give n(-91).
25
Let n(g) = -2*g + 126. Determine n(-20).
166
Let g(q) = 3*q**2 - 31*q - 43. Calculate g(10).
-53
Let l(k) = k**3 + 64*k**2 - 745*k - 426. Calculate l(-74).
-56
Let d(v) = -4*v**2 + 379*v + 378. What is d(-1)?
-5
Let o(d) = -4*d**2 + 30*d + 26. What is o(-1)?
-8
Let k(b) = 4*b**2 - 39*b + 109. Calculate k(11).
164
Let w(l) = -l**2 + 61*l + 178. What is w(63)?
52
Let t(n) = n**3 - 9*n**2 - 362*n - 38. Give t(-15).
-8
Let k(c) = -5*c**2 + 27*c + 61. Give k(12).
-335
Let g(r) = 22*r - 502. Calculate g(28).
114
Let a(c) = 2*c**3 + 3*c**2 + 14*c + 10. Calculate a(-2).
-22
Let g(d) = -24*d - 228. Determine g(-10).
12
Let i(w) = 2*w**3 - 48*w**2 + 136*w - 8. Calculate i(3).
22
Let q(i) = -2*i**3 + 76*i**2 + 6*i - 135. Calculate q(38).
93
Let h(r) = 12*r - 139. Determine h(10).
-19
Let l(o) = -77*o + 285. Determine l(8).
-331
Let z(f) = -2*f**2 - 25*f + 9. Determine z(-12).
21
Let y(k) = 2*k - 162. Calculate y(-34).
-230
Let d(g) = 2*g**2 + 23*g + 18. Determine d(-3).
-33
Let p(w) = -11*w - 188. Determine p(-16).
-12
Let b(y) = -116*y - 356. Determine b(-3).
-8
Let z(x) = -13*x**2 + 123*x + 476. Determine z(-3).
-10
Let a(h) = 54*h - 124. Determine a(6).
200
Let d(o) = -586*o + 24018. Calculate d(41).
-8
Let f(v) = -v**3 - 16*v**2 + 189*v - 70. Give f(-24).
2
Let p(r) = r + 6. Give p(-38).
-32
Let q(a) = 69*a - 559. Determine q(8).
-7
Let r(m) = 13*m - 43. Determine r(-6).
-121
Let v(n) = 14*n + 629. Determine v(-46).
-15
Let r(a) = -a**3 - 6*a**2 - 7*a - 1. Determine r(-3).
-7
Let x(q) = 185*q - 189. Give x(1).
-4
Let h(y) = -3*y**3 + 69*y**2 - 15*y + 351. What is h(23)?
6
Let p(v) = -117*v + 9482. Give p(81).
5
Let k(g) = 2*g**2 - 512*g - 3153. Calculate k(-6).
-9
Let g(y) = -17*y + 1199. Give g(69).
26
Let j(t) = -t**3 + 56*t**2 + 234*t + 313. What is j(60)?
-47
Let a(q) = -4*q**3 - 23*q**2 + 12*q + 21. What is a(-6)?
-15
Let i(g) = -2*g**2 + 25*g - 57. Calculate i(9).
6
Let r(a) = 45*a + 203. Give r(-5).
-22
Let j(l) = -l**3 + 220*l**2 - 24*l + 5278. Determine j(220).
-2
Let v(m) = 5*m**3 + m**2 - 7. Give v(-2).
-43
Let i(h) = h**2 + 18*h + 37. Give i(0).
37
Let c(d) = 135*d - 944. Give c(7).
1
Let h(q) = 924*q + 4626. Calculate h(-5).
6
Let h(p) = 102*p - 829. Calculate h(8).
-13
Let m(q) = -4*q**2 + 15*q + 65. Calculate m(5).
40
Let h(x) = x**2 + 94*x + 2005. Give h(-61).
-8
Let b(h) = 11*h - 55. Calculate b(12).
77
Let d(k) = -8*k**3 - 38*k**2 + 1. What is d(0)?
1
Let a(x) = x**3 - 25*x**2 - 65*x + 315. Determine a(27).
18
Let s(v) = v**3 - 36*v**2 - 298*v + 99. Determine s(43).
228
Let z(q) = q**3 + 8*q**2 - 7*q - 28. Determine z(-10).
-158
Let i(y) = -44*y + 40. Determine i(5).
-180
Let c(a) = -2*a**3 - 98*a**2 - 3*a - 174. Calculate c(-49).
-27
Let o(f) = 76*f**2 + 1046*f + 758. Calculate o(-13).
4
Let m(x) = -116*x - 573. What is m(-5)?
7
Let y(t) = t**2 + 28*t + 17. Give y(-28).
17
Let y(l) = l**2 + 32*l + 179. Determine y(-7).
4
Let n(m) = -367*m + 574. Give n(3).
-527
Let o(v) = -1108*v - 31014. Give o(-28).
10
Let m(c) = -2*c**2 + 96*c - 356. Give m(44).
-4
Let s(v) = -108*v**2 - 651*v - 4. Calculate s(-6).
14
Let l(m) = -544*m - 28291. Calculate l(-52).
-3
Let p(i) = -i**3 + 15*i**2 - 63*i + 132. What is p(10)?
2
Let c(y) = -287*y + 1154. Give c(4).
6
Let k(c) = -8*c**3 - 679*c**2 + 91*c + 514. Determine k(-85).
4
Let v(p) = 310*p**3 - 4*p**2 + 3. Determine v(-1).
-311
Let t(o) = o**3 - 171*o**2 - 176*o + 693. What is t(172)?
5
Let s(x) = x**3 + x**2 - 9*x - 7. Determine s(0).
-7
Let t(g) = -g**2 - 165*g - 6251. Determine t(-106).
3
Let v(s) = -s**3 - 22*s**2 + 83*s + 58. Calculate v(-25).
-142
Let s(m) = 6*m**3 + 8*m**2 - 43*m + 35. Determine s(1).
6
Let k(g) = -73*g - 1845. Give k(-25).
-20
Let g(d) = -9*d**2 - 32*d + 124. Calculate g(10).
-1096
Let g(h) = -58*h + 408. Calculate g(7).
2
Let f(r) = -12*r**3 - 2*r**2 - 10*r - 50. Determine f(-4).
726
Let l(q) = -q**2 - 146*q - 3035. Give l(-21).
-410
Let r(d) = 45*d - 594. Determine r(11).
-99
Let u(c) = c**3 - 20*c**2 - 432*c + 30. Determine u(33).
-69
Let n(i) = 2*i**3 - 37*i**2 - 13*i. Determine n(19).
114
Let y(a) = 3*a**2 + 61*a + 120. Give y(-16).
-88
Let l(g) = g**2 + 6*g + 37. Give l(-5).
32
Let y(t) = -t**3 + 20*t**2 + 10*t + 147. What is y(20)?
347
Let m(v) = -v**3 + 20*v**2 - 35*v - 7. Give m(18).
11
Let u(r) = r**3 + 11*r**2 - 15*r + 5. Calculate u(1).
2
Let s(x) = -18*x**2 - 1485*x - 726. Calculate s(-82).
12
Let u(t) = -3*t**3 + 18*t**2 + 17*t - 15. Determine u(7).
-43
Let n(w) = 14*w**2 + 137*w + 790. What is n(-6)?
472
Let y(c) = 15*c**2 + 3063*c - 2457. Give y(-205).
3
Let o(z) = -3*z**2 + 10*z + 20. Give o(4).
12
Let f(o) = 6*o**3 + 533*o**2 - 93*o - 364. What is f(-89)?
-8
Let c(l) = -5*l**3 - 108*l**2 + 58*l - 56. Calculate c(-22).
-364
Let m(h) = -16*h - 35. What is m(-16)?
221
Let b(h) = h**3 - 23*h**2 - 4*h + 106. Give b(23).
14
Let u(a) = a**3 + 28*a**2 - 473*a - 85. Calculate u(12).
-1
Let f(o) = 2*o**3 + 3*o**2 - 4*o - 13. Calculate f(-6).
-313
Let z(l) = -20*l + 208. Calculate z(12).
-32
Let k(o) = -11*o**2 - 31*o - 6. Calculate k(-3).
-12
Let j(u) = -2*u**3 + 23*u**2 - 9*u - 20. What is j(11)?
2
Let q(m) = 3*m**2 - 39*m + 45. Determine q(11).
-21
Let a(r) = -34*r**2 - 283*r + 5. Give a(-8).
93
Let i(z) = -z**2 + 12*z + 88. What is i(11)?
99
Let c(x) = x**2 + 683*x + 5. Give c(0).
5
Let v(p) = -5*p**2 + 64*p + 5. Determine v(12).
53
Let k(v) = -v**3 - 18*v**2 + 112*v + 19. Give k(5).
4
Let x(q) = 35*q**3 - 95*q**2 - 18*q - 1. Give x(3).
35
Let q(u) = -12*u + 169. What is q(47)?
-395
Let f(d) = -104*d - 2987. Give f(-27).
-179
Let v(m) = m**3 + 95*m**2 - 25*m - 1917. Determine v(-95).
458
Let q(m) = m**3 - 29*m**2 - 60*m - 39. Calculate q(31).
23
Let g(l) = -l**2 + 20*l - 13. What is g(22)?
-57
Let f(h) = -2*h**2 - 30*h + 288. Give f(7).
-20
Let g(z) = -49*z - 506. Give g(-17).
327
Let r(s) = -199*s - 1066. Calculate r(-6).
128
Let d(b) = -2525*b - 27786. Calculate d(-11).
-11
Let i(n) = 519*n**2 - 7273*n + 102. Calculate i(14).
4
Let w(r) = 4*r**2 + 475*r - 1443. What is w(3)?
18
Let x(g) = -g**3 + 8*g**2 + 208*g - 1419. Give x(7).
86
Let l(i) = -2*i**2 + 14*i + 501. What is l(-13)?
-19
Let k(l) = -3110*l - 6237. Give k(-2).
-17
Let l(s) = s**3 + 98*s**2 + 888*s - 5997. Determine l(-87).
6
Let q(n) = -4*n**3 - 4*n**2 + 4*n - 4. Determine q(-2).
4
Let h(g) = g**3 - 66*g**2 - 134*g - 126. Calculate h(68).
10
Let w(d) = -d**3 - 56*d**2 + 116*d + 5. Calculate w(-58).
5
Let o(w) = -8*w - 379. Give o(-42).
-43
Let h(r) = -1876*r + 11322. Determine h(6).
66
Let v(z) = z**3 - 7*z**2 + 26*z + 3. What is v(6)?
123
Let u(r) = -r**3 - 5*r**2 - 35*r - 9. Determine u(-9).
630
Let q(i) = i**3 - 12*i**2 + 9*i - 14. What is q(12)?
94
Let n(p) = -3*p**3 - 31*p**2 + 25*p + 22. Calculate n(-11).
-11
Let z(h) = -9*h**2 - 43*h - 7. Determine z(-5).
-17
Let q(s) = 27222*s - 163329. What is q(6)?
3
Let m(z) = -2*z**3 - 38*z**2 + 8*z + 37. Give m(-17).
-1255
Let o(v) = -5*v**3 + 31*v**2 - 28*v - 3. Give o(5).
7
Let a(q) = q**3 + 33*q**2 + 126*q + 325. Give a(-29).
35
Let s(h) = 24*h - 160. Give s(-4).
-256
Let d(c) = -c**3 - 35*c**2 + 68*c - 180. Determine d(-37).
42
Let i(n) = -6*n**2 - 110*n - 18. What is i(-16)?
206
Let h(q) = -408*q**3 - q**2 + 5*q + 3. Give h(-1).
405
Let n(c) = 5*c + 308. Give n(-66).
-22
Let f(n) = -n**3 - 12*n**2 - 6*n - 222. What is f(-11)?
-277
Let p(s) = -35*s - 2526. Determine p(-72).
-6
Let y(c) = c**3 + 2*c**2 + 2*c + 106. Determine y(0).
106
Let t(j) = -21*j + 627. Determine t(31).
-24
Let s(z) = 34*z**2 - 2481*z - 76. Determine s(73).
-3
Let h(r) = 121*r - 15876. What is h(131)?
-25
Let i(k) = k**2 - 21*k + 97. Calculate i(6).
7
Let i(c) = -c**3 - 4*c**2 - 23*c - 7. What is i(0)?
-7
Let m(l) = 117*l - 148. Give m(0)